nd 10789579?
113
Calculate the highest common divisor of 70 and 11874814.
14
Calculate the highest common factor of 7284 and 15972.
12
Calculate the greatest common factor of 236990 and 375538.
3646
What is the greatest common factor of 16 and 19384384?
16
Calculate the greatest common factor of 3100 and 977600.
100
Calculate the greatest common divisor of 833 and 4629593.
17
Calculate the highest common factor of 20459868 and 9152.
572
Calculate the greatest common divisor of 1402496 and 256.
128
What is the highest common divisor of 5919 and 2779957?
1973
Calculate the greatest common divisor of 13925670 and 855.
285
What is the greatest common divisor of 2394 and 74670342?
114
Calculate the greatest common factor of 3507489 and 1073.
37
What is the highest common factor of 4199323 and 46189?
323
What is the greatest common factor of 170 and 288020188?
34
What is the highest common factor of 171 and 2691997083?
171
What is the greatest common divisor of 517799 and 1679?
23
What is the highest common factor of 765 and 82698660?
45
What is the greatest common divisor of 9692591 and 12213?
23
What is the highest common divisor of 7387225 and 50?
25
Calculate the highest common factor of 9678692 and 8584.
116
Calculate the greatest common divisor of 4836 and 164.
4
Calculate the greatest common divisor of 756 and 33657092.
28
What is the highest common factor of 51636 and 19461?
39
What is the highest common factor of 3038 and 35497?
7
What is the greatest common factor of 30329376 and 42?
42
Calculate the greatest common factor of 13617432 and 372.
372
What is the greatest common factor of 486 and 588108?
6
What is the highest common divisor of 675961 and 35409?
319
Calculate the highest common factor of 15710895 and 3480.
435
Calculate the greatest common divisor of 993 and 7644.
3
Calculate the greatest common divisor of 1456 and 24908.
52
What is the highest common factor of 207 and 5600293?
23
What is the greatest common divisor of 654 and 18235482?
654
Calculate the greatest common factor of 7089840 and 324.
36
Calculate the greatest common factor of 24 and 7935680.
8
What is the greatest common factor of 753200 and 12600?
1400
What is the highest common factor of 209296429 and 61?
61
What is the greatest common factor of 1705961 and 527?
31
Calculate the greatest common factor of 2220119974 and 479.
479
Calculate the highest common factor of 390923280 and 12.
12
Calculate the greatest common factor of 3656 and 8684371.
457
Calculate the highest common factor of 108 and 134237688.
12
What is the greatest common divisor of 77935 and 351065?
715
Calculate the greatest common divisor of 60 and 60672828.
12
What is the highest common divisor of 415492 and 684068?
308
What is the highest common factor of 224290675 and 25?
25
What is the greatest common factor of 7 and 39408579?
7
What is the highest common factor of 680316 and 10596?
12
Calculate the highest common divisor of 13907527 and 3031.
433
Calculate the highest common factor of 42996 and 150.
6
Calculate the greatest common factor of 96 and 3872346.
6
Calculate the highest common factor of 8886930 and 7995.
195
Calculate the highest common factor of 119992 and 52072.
2264
What is the greatest common divisor of 35 and 3780695?
5
What is the highest common divisor of 407800 and 3400?
200
Calculate the highest common divisor of 693717 and 2067.
159
What is the greatest common divisor of 95893 and 2492287?
931
What is the highest common factor of 38388262 and 198?
22
Calculate the highest common factor of 19509 and 654.
3
What is the greatest common divisor of 74750 and 21418750?
5750
Calculate the greatest common divisor of 146 and 1034936038.
146
Calculate the greatest common factor of 4032028 and 286.
286
Calculate the highest common factor of 328865 and 692551.
3869
What is the greatest common factor of 50 and 39694420?
10
What is the highest common factor of 16173738 and 322?
322
What is the greatest common divisor of 2034 and 35368322?
226
Calculate the greatest common factor of 148 and 4939907.
37
What is the greatest common factor of 81 and 54573471?
9
What is the greatest common divisor of 31464270 and 180?
90
Calculate the greatest common factor of 64351 and 616105.
203
Calculate the greatest common factor of 862200 and 1208.
8
What is the greatest common factor of 336 and 24790584?
168
Calculate the greatest common factor of 129 and 91735899.
129
Calculate the highest common divisor of 446 and 427004414.
446
What is the greatest common factor of 8856264 and 25002?
2778
Calculate the highest common divisor of 7139 and 6340199.
59
Calculate the highest common factor of 23622885 and 99.
99
Calculate the highest common divisor of 7828 and 635892.
76
Calculate the greatest common divisor of 72912 and 6534552.
744
What is the greatest common divisor of 50764 and 154105?
1813
Calculate the highest common divisor of 17390 and 2980646.
3478
What is the greatest common factor of 2114 and 10557666?
14
Calculate the greatest common divisor of 3939958 and 7964.
22
Calculate the highest common divisor of 1087149 and 7728.
21
Calculate the greatest common factor of 1623257558 and 5044.
2522
What is the highest common factor of 102 and 224024266?
34
Calculate the highest common divisor of 1410 and 273578070.
1410
What is the highest common divisor of 973214140 and 20?
20
Calculate the greatest common divisor of 2519854154 and 106.
106
Calculate the highest common divisor of 63158 and 4761564.
2746
Calculate the highest common factor of 4717092 and 114.
114
Calculate the highest common factor of 14704551 and 297.
27
What is the highest common divisor of 22572 and 757053?
297
What is the greatest common factor of 19964088 and 3816?
72
Calculate the greatest common divisor of 232 and 214322209.
29
What is the greatest common factor of 2044764 and 15?
3
What is the highest common divisor of 142727 and 18317?
13
What is the highest common divisor of 105462 and 830862?
558
Calculate the greatest common divisor of 31862996 and 100804.
1276
What is the highest common divisor of 29293696 and 176?
16
Calculate the highest common factor of 149687950 and 2350.
2350
Calculate the highest common divisor of 307512248 and 1888.
472
Calculate the greatest common divisor of 3359727 and 27846.
1071
What is the greatest common divisor of 518568 and 2308260?
6324
What is the greatest common factor of 3483 and 66661137?
3483
Calculate the greatest common divisor of 1611954979 and 2879.
2879
Calculate the greatest common divisor of 866052 and 5499252.
3564
Calculate the highest common divisor of 1050 and 23365090.
70
Calculate the greatest common factor of 488 and 1982012.
244
What is the greatest common factor of 306101114 and 22?
22
Calculate the highest common factor of 66759 and 18488316.
3927
What is the greatest common divisor of 1578790 and 41625?
185
Calculate the highest common divisor of 48784 and 908602.
6098
Calculate the highest common divisor of 835 and 82542923.
167
What is the highest common factor of 2290 and 14320?
10
What is the greatest common divisor of 5820 and 10960?
20
What is the greatest common divisor of 202878 and 2329119?
1989
What is the greatest common factor of 234 and 6610812?
78
Calculate the highest common factor of 209871 and 26811.
81
Calculate the highest common factor of 393740 and 340.
20
Calculate the highest common factor of 20059821 and 3069.
279
Calculate the greatest common factor of 1067 and 5427635.
97
What is the highest common divisor of 1 and 11035711?
1
Calculate the highest common factor of 53334995 and 2128.
133
Calculate the greatest common factor of 375 and 1400745.
15
Calculate the highest common factor of 13400408 and 2439.
271
Calculate the highest common divisor of 4122389 and 653.
653
What is the highest common divisor of 30 and 2726860?
10
What is the highest common factor of 17757259 and 173797?
5993
Calculate the greatest common factor of 305259 and 4056483.
3147
Calculate the greatest common factor of 28310964 and 136.
4
What is the highest common divisor of 22054236 and 204?
204
Calculate the greatest common divisor of 5716956 and 49.
7
Calculate the greatest common factor of 37762 and 23649050.
478
Calculate the greatest common divisor of 142 and 